{"id":53,"date":"2016-04-12T13:25:10","date_gmt":"2016-04-12T13:25:10","guid":{"rendered":"http:\/\/noisa.rascalsthemes.com\/light\/?page_id=53"},"modified":"2025-09-10T18:06:34","modified_gmt":"2025-09-10T16:06:34","slug":"contact","status":"publish","type":"page","link":"https:\/\/benjaminlejean.com\/index.php\/contact\/","title":{"rendered":"Contact"},"content":{"rendered":"<p>[vc_row full_width=&#8221;stretch_row&#8221; css=&#8221;.vc_custom_1460652180225{margin-top: 80px !important;margin-bottom: 80px !important;}&#8221;][vc_column][vc_custom_heading text=&#8221;<strong>Contact<\/strong>&#8221; use_theme_fonts=&#8221;yes&#8221;][vc_row_inner css=&#8221;.vc_custom_1460643836024{border-bottom-width: 20px !important;}&#8221;][vc_column_inner width=&#8221;1\/2&#8243; css=&#8221;.vc_custom_1460644560386{padding-top: 0px !important;}&#8221;][vc_column_text]Au c\u0153ur de Paris et facilement accessible en m\u00e9tro, RER ou bus, le studio vous accueillera dans une ambiance chaleureuse et moderne.<\/p>\n<p>N&#8217;h\u00e9sitez pas \u00e0 nous contacter pour toute pr\u00e9cision ou demande.[\/vc_column_text][\/vc_column_inner][vc_column_inner width=&#8221;1\/2&#8243; css=&#8221;.vc_custom_1460644565437{padding-top: 0px !important;}&#8221;][vc_single_image image=&#8221;1063&#8243; img_size=&#8221;full&#8221; alignment=&#8221;center&#8221;][\/vc_column_inner][\/vc_row_inner][vc_row_inner][vc_column_inner width=&#8221;1\/4&#8243;]\r\n\t        <div class=\"icon_column icon_left\">\r\n\t            <span class=\"icon icon-home\"><\/span>\r\n\t            <div class=\"text-holder\"><strong>rue Marx Dormoy, 75018 Paris<br \/>\n<\/strong>France<\/div>\r\n\t            \r\n\t        <\/div>\r\n\t    [\/vc_column_inner][vc_column_inner width=&#8221;1\/4&#8243;]\r\n\t        <div class=\"icon_column icon_left\">\r\n\t            <span class=\"icon icon-pencil2\"><\/span>\r\n\t            <div class=\"text-holder\"><strong><a href=\"mailto:benjaminlejean.music@gmail.com\">benjaminlejean.music@gmail.com<\/a><\/strong><\/div>\r\n\t            \r\n\t        <\/div>\r\n\t    [\/vc_column_inner][vc_column_inner width=&#8221;1\/4&#8243;]\r\n\t        <div class=\"icon_column icon_left\">\r\n\t            <span class=\"icon icon-share\"><\/span>\r\n\t            <div class=\"text-holder\"><strong><a href=\"https:\/\/www.facebook.com\/blossomstudioparis\/\">facebook<\/a><\/strong><br \/>\n<a href=\"http:\/\/soundcloud.com\/\">soundcloud<\/a><\/div>\r\n\t            \r\n\t        <\/div>\r\n\t    [\/vc_column_inner][vc_column_inner width=&#8221;1\/4&#8243;]\r\n\t        <div class=\"icon_column icon_left\">\r\n\t            <span class=\"icon icon-linkedin\"><\/span>\r\n\t            <div class=\"text-holder\"><a href=\"https:\/\/www.linkedin.com\/in\/benjamin-le-jean-52b34b103\/\">Linkedin<\/a><\/div>\r\n\t            \r\n\t        <\/div>\r\n\t    [\/vc_column_inner][\/vc_row_inner][\/vc_column][\/vc_row]<\/p>\n","protected":false},"excerpt":{"rendered":"<p>[vc_row full_width=&#8221;stretch_row&#8221; css=&#8221;.vc_custom_1460652180225{margin-top: 80px !important;margin-bottom: 80px !important;}&#8221;][vc_column][vc_custom_heading text=&#8221;Contact&#8221; use_theme_fonts=&#8221;yes&#8221;][vc_row_inner css=&#8221;.vc_custom_1460643836024{border-bottom-width: 20px !important;}&#8221;][vc_column_inner width=&#8221;1\/2&#8243; css=&#8221;.vc_custom_1460644560386{padding-top: 0px !important;}&#8221;][vc_column_text]Au c\u0153ur de Paris et facilement accessible en m\u00e9tro, RER ou bus, le studio vous accueillera dans une ambiance chaleureuse et moderne. N&#8217;h\u00e9sitez pas \u00e0 nous contacter pour toute pr\u00e9cision ou demande.[\/vc_column_text][\/vc_column_inner][vc_column_inner width=&#8221;1\/2&#8243; css=&#8221;.vc_custom_1460644565437{padding-top: 0px !important;}&#8221;][vc_single_image image=&#8221;1063&#8243; img_size=&#8221;full&#8221; alignment=&#8221;center&#8221;][\/vc_column_inner][\/vc_row_inner][vc_row_inner][vc_column_inner width=&#8221;1\/4&#8243;][\/vc_column_inner][vc_column_inner [&hellip;]<\/p>\n","protected":false},"author":1,"featured_media":0,"parent":0,"menu_order":0,"comment_status":"closed","ping_status":"closed","template":"","meta":{"footnotes":""},"class_list":["post-53","page","type-page","status-publish","hentry"],"_links":{"self":[{"href":"https:\/\/benjaminlejean.com\/index.php\/wp-json\/wp\/v2\/pages\/53","targetHints":{"allow":["GET"]}}],"collection":[{"href":"https:\/\/benjaminlejean.com\/index.php\/wp-json\/wp\/v2\/pages"}],"about":[{"href":"https:\/\/benjaminlejean.com\/index.php\/wp-json\/wp\/v2\/types\/page"}],"author":[{"embeddable":true,"href":"https:\/\/benjaminlejean.com\/index.php\/wp-json\/wp\/v2\/users\/1"}],"replies":[{"embeddable":true,"href":"https:\/\/benjaminlejean.com\/index.php\/wp-json\/wp\/v2\/comments?post=53"}],"version-history":[{"count":13,"href":"https:\/\/benjaminlejean.com\/index.php\/wp-json\/wp\/v2\/pages\/53\/revisions"}],"predecessor-version":[{"id":1302,"href":"https:\/\/benjaminlejean.com\/index.php\/wp-json\/wp\/v2\/pages\/53\/revisions\/1302"}],"wp:attachment":[{"href":"https:\/\/benjaminlejean.com\/index.php\/wp-json\/wp\/v2\/media?parent=53"}],"curies":[{"name":"wp","href":"https:\/\/api.w.org\/{rel}","templated":true}]}}